{"id":272,"date":"2024-11-12T15:47:05","date_gmt":"2024-11-12T15:47:05","guid":{"rendered":"https:\/\/www.fannyrethore.fr\/?page_id=272"},"modified":"2026-03-24T11:16:23","modified_gmt":"2026-03-24T11:16:23","slug":"a-propos","status":"publish","type":"page","link":"https:\/\/www.fannyrethore.fr\/?page_id=272","title":{"rendered":"A PROPOS"},"content":{"rendered":"\t\t<div data-elementor-type=\"wp-page\" data-elementor-id=\"272\" class=\"elementor elementor-272\">\n\t\t\t\t<div class=\"elementor-element elementor-element-82a5522 e-flex e-con-boxed e-con e-parent\" data-id=\"82a5522\" data-element_type=\"container\" data-e-type=\"container\" data-settings=\"{&quot;background_background&quot;:&quot;classic&quot;}\">\n\t\t\t\t\t<div class=\"e-con-inner\">\n\t\t\t\t<div class=\"elementor-element elementor-element-4bc8186 elementor-widget elementor-widget-heading\" data-id=\"4bc8186\" data-element_type=\"widget\" data-e-type=\"widget\" data-widget_type=\"heading.default\">\n\t\t\t\t<div class=\"elementor-widget-container\">\n\t\t\t\t\t<h2 class=\"elementor-heading-title elementor-size-default\">Qui suis-je ?<\/h2>\t\t\t\t<\/div>\n\t\t\t\t<\/div>\n\t\t\t\t\t<\/div>\n\t\t\t\t<\/div>\n\t\t<div class=\"elementor-element elementor-element-5a80d17 e-flex e-con-boxed e-con e-parent\" data-id=\"5a80d17\" data-element_type=\"container\" data-e-type=\"container\" data-settings=\"{&quot;background_background&quot;:&quot;classic&quot;}\">\n\t\t\t\t\t<div class=\"e-con-inner\">\n\t\t<div class=\"elementor-element elementor-element-f7ca527 e-con-full e-flex e-con e-child\" data-id=\"f7ca527\" data-element_type=\"container\" data-e-type=\"container\">\n\t\t\t\t<div class=\"elementor-element elementor-element-de5c098 elementor-widget elementor-widget-text-editor\" data-id=\"de5c098\" data-element_type=\"widget\" data-e-type=\"widget\" data-widget_type=\"text-editor.default\">\n\t\t\t\t<div class=\"elementor-widget-container\">\n\t\t\t\t\t\t\t\t\t<p>Apr\u00e8s 20 ans dans le secr\u00e9tariat m\u00e9dical, le besoin de donner un autre sens \u00e0 ma vie professionnelle est devenu une \u00e9vidence.<\/p>\n<p>J&rsquo;avais besoin de faire une activit\u00e9 plus en accord avec mes valeurs, et une envie profonde de guider les autres vers leur bien-\u00eatre et leur \u00e9panouissement.&nbsp;<\/p>\n<p>En apprenant \u00e0 me conna\u00eetre avec la num\u00e9rologie, j&rsquo;ai mis de la conscience sur ce que j&rsquo;avais besoin de nourrir, ce qui faisait sens, mes aspirations, mes talents naturels &#8230; ma nature profonde.<\/p>\n<p>L&rsquo;\u00e9nerg\u00e9tique a \u00e9t\u00e9, et est, \u00e9galement un r\u00e9el soutien, permettant de lib\u00e9rer des blocages, d&rsquo;apporter du bien-\u00eatre, reconnecter \u00e0 soi, d&rsquo;harmoniser ma vie.<\/p>\n<p>Ce cheminement vers moi-m\u00eame m&rsquo;am\u00e8ne \u00e0 me lib\u00e9rer de ce que je ne suis pas, pour \u00eatre v\u00e9ritablement qui je suis, retrouver un \u00e9quilibre, un bien-\u00eatre et une vie riche de sens et d&rsquo;\u00e9panouissement.&nbsp;<\/p>\t\t\t\t\t\t\t\t<\/div>\n\t\t\t\t<\/div>\n\t\t\t\t<\/div>\n\t\t<div class=\"elementor-element elementor-element-b7cae83 e-con-full e-flex e-con e-child\" data-id=\"b7cae83\" data-element_type=\"container\" data-e-type=\"container\">\n\t\t\t\t<div class=\"elementor-element elementor-element-814cfd8 elementor-widget elementor-widget-image\" data-id=\"814cfd8\" data-element_type=\"widget\" data-e-type=\"widget\" data-widget_type=\"image.default\">\n\t\t\t\t<div class=\"elementor-widget-container\">\n\t\t\t\t\t\t\t\t\t\t\t\t\t\t\t<img fetchpriority=\"high\" decoding=\"async\" width=\"1024\" height=\"683\" src=\"https:\/\/www.fannyrethore.fr\/wp-content\/uploads\/2024\/11\/IMG_7275-1024x683.jpg\" class=\"attachment-large size-large wp-image-283\" alt=\"\" srcset=\"https:\/\/www.fannyrethore.fr\/wp-content\/uploads\/2024\/11\/IMG_7275-1024x683.jpg 1024w, https:\/\/www.fannyrethore.fr\/wp-content\/uploads\/2024\/11\/IMG_7275-300x200.jpg 300w, https:\/\/www.fannyrethore.fr\/wp-content\/uploads\/2024\/11\/IMG_7275-768x512.jpg 768w, https:\/\/www.fannyrethore.fr\/wp-content\/uploads\/2024\/11\/IMG_7275-1536x1024.jpg 1536w, https:\/\/www.fannyrethore.fr\/wp-content\/uploads\/2024\/11\/IMG_7275-2048x1365.jpg 2048w\" sizes=\"(max-width: 1024px) 100vw, 1024px\" \/>\t\t\t\t\t\t\t\t\t\t\t\t\t\t\t<\/div>\n\t\t\t\t<\/div>\n\t\t\t\t<div class=\"elementor-element elementor-element-695f793 elementor-widget elementor-widget-text-editor\" data-id=\"695f793\" data-element_type=\"widget\" data-e-type=\"widget\" data-widget_type=\"text-editor.default\">\n\t\t\t\t<div class=\"elementor-widget-container\">\n\t\t\t\t\t\t\t\t\t<p>Cr\u00e9dits photo : St\u00e9phanie Dubois La ptite boite\u00a0 \u00e0 clic<\/p>\t\t\t\t\t\t\t\t<\/div>\n\t\t\t\t<\/div>\n\t\t\t\t<div class=\"elementor-element elementor-element-61ba93e elementor-widget elementor-widget-text-editor\" data-id=\"61ba93e\" data-element_type=\"widget\" data-e-type=\"widget\" data-widget_type=\"text-editor.default\">\n\t\t\t\t<div class=\"elementor-widget-container\">\n\t\t\t\t\t\t\t\t\t<p>\u00ab\u00a0Habitez ce que vous \u00eates vraiment et vous n&rsquo;aurez plus jamais besoin de prendre votre place.\u00a0\u00bb Nathalie Lef\u00e8vre<\/p>\t\t\t\t\t\t\t\t<\/div>\n\t\t\t\t<\/div>\n\t\t\t\t<\/div>\n\t\t\t\t\t<\/div>\n\t\t\t\t<\/div>\n\t\t<div class=\"elementor-element elementor-element-957cf97 e-flex e-con-boxed e-con e-parent\" data-id=\"957cf97\" data-element_type=\"container\" data-e-type=\"container\" data-settings=\"{&quot;background_background&quot;:&quot;classic&quot;}\">\n\t\t\t\t\t<div class=\"e-con-inner\">\n\t\t<div class=\"elementor-element elementor-element-6d80068 e-con-full e-flex e-con e-child\" data-id=\"6d80068\" data-element_type=\"container\" data-e-type=\"container\">\n\t\t\t\t<div class=\"elementor-element elementor-element-8091607 elementor-widget elementor-widget-text-editor\" data-id=\"8091607\" data-element_type=\"widget\" data-e-type=\"widget\" data-widget_type=\"text-editor.default\">\n\t\t\t\t<div class=\"elementor-widget-container\">\n\t\t\t\t\t\t\t\t\t<p>Cheminer vers moi-m\u00eame<\/p>\t\t\t\t\t\t\t\t<\/div>\n\t\t\t\t<\/div>\n\t\t\t\t<div class=\"elementor-element elementor-element-681c9f2 elementor-widget elementor-widget-text-editor\" data-id=\"681c9f2\" data-element_type=\"widget\" data-e-type=\"widget\" data-widget_type=\"text-editor.default\">\n\t\t\t\t<div class=\"elementor-widget-container\">\n\t\t\t\t\t\t\t\t\t<p>Pendant plus de 20 ans j&rsquo;ai exerc\u00e9 le m\u00e9tier de secr\u00e9taire m\u00e9dicale dans diff\u00e9rentes structures et ces exp\u00e9riences vari\u00e9es ont \u00e9t\u00e9 enrichissantes. Et puis petit \u00e0 petit je ressentais qu&rsquo;autre chose devait \u00e9merger, mais quoi ? Le bilan de comp\u00e9tences que j&rsquo;avais r\u00e9alis\u00e9 plusieurs ann\u00e9es auparavant n&rsquo;avait pas \u00e9t\u00e9 concluant.<\/p><p>Et en 2020, j&rsquo;ai eu une r\u00e9v\u00e9lation, c&rsquo;\u00e9tait accompagner les autres qui m&rsquo;animait !\u00a0<\/p><p>J&rsquo;ai alors d\u00e9couvert un peu plus le monde du d\u00e9veloppement personnel, c&rsquo;est l\u00e0 que<span style=\"font-style: inherit; font-weight: inherit; color: var( --e-global-color-text ); background-color: var( --e-global-color-primary );\">\u00a0la<\/span><span style=\"font-style: inherit; font-weight: inherit; color: var( --e-global-color-text ); background-color: var( --e-global-color-primary );\">\u00a0num\u00e9rologie a crois\u00e9 mon chemin et a \u00e9t\u00e9 une r\u00e9v\u00e9lation !\u00a0<\/span><\/p><p><span style=\"font-style: inherit; font-weight: inherit; color: var( --e-global-color-text ); background-color: var( --e-global-color-primary );\">Elle m&rsquo;a \u00e9clair\u00e9e et apport\u00e9 des r\u00e9ponses sur mon fonctionnement, mes besoins, ma \u00ab\u00a0mission\u00a0\u00bb, sur ce que je souhaite profond\u00e9ment.<\/span><span style=\"font-style: inherit; font-weight: inherit; color: var( --e-global-color-text ); background-color: var( --e-global-color-primary );\">\u00a0C<\/span><span style=\"font-style: inherit; font-weight: inherit; color: var( --e-global-color-text ); background-color: var( --e-global-color-primary );\">ela m&rsquo;a permis de gagner en confiance pour d\u00e9ployer ce qui fait sens pour moi et oser \u00eatre qui je suis ! <\/span><\/p><p><span style=\"font-style: inherit; font-weight: inherit; color: var( --e-global-color-text ); background-color: var( --e-global-color-primary );\">Ma passion pour la num\u00e9rologie m&rsquo;a amen\u00e9e \u00e0 me former, puis l&rsquo;envie de vous accompagner avec ce merveilleux outil est n\u00e9e !<\/span><\/p><p><span style=\"font-style: inherit; font-weight: inherit; color: var( --e-global-color-text );\">Je me suis \u00e9galement ouverte \u00e0 l&rsquo;\u00e9nerg\u00e9tique \u00e0 l&rsquo;\u00e2ge de 20 ans. Je traversais une \u00e9tape tr\u00e8s difficile, et les soins \u00e9nerg\u00e9tiques dont j&rsquo;ai b\u00e9n\u00e9fici\u00e9, \u00e0 ce moment l\u00e0, ont \u00e9t\u00e9 d&rsquo;une grande aide. C&rsquo;est ce qui m&rsquo;a permis de me relever. Plusieurs ann\u00e9es apr\u00e8s, je serai initi\u00e9e pour pratiquer \u00e0 mon tour.\u00a0<\/span><\/p><p>Aujourd&rsquo;hui c&rsquo;est avec beaucoup de joie que je vous accompagne sur le chemin de votre potentiel lumineux avec\u00a0 :<\/p><ul><li>l&rsquo;<a href=\"https:\/\/www.fannyrethore.fr\/?page_id=53\">\u00e9nerg\u00e9tique<\/a> (harmoniser, revitaliser le corps et l&rsquo;esprit, lib\u00e9rer des blocages),<\/li><li>la <a href=\"https:\/\/www.fannyrethore.fr\/?page_id=43\">num\u00e9rologie<\/a> (puissant outil de connaissance de soi et de d\u00e9veloppement personnel).<\/li><\/ul>\t\t\t\t\t\t\t\t<\/div>\n\t\t\t\t<\/div>\n\t\t\t\t<\/div>\n\t\t\t\t<div class=\"elementor-element elementor-element-6669585 elementor-align-center elementor-widget elementor-widget-button\" data-id=\"6669585\" data-element_type=\"widget\" data-e-type=\"widget\" data-widget_type=\"button.default\">\n\t\t\t\t<div class=\"elementor-widget-container\">\n\t\t\t\t\t\t\t\t\t<div class=\"elementor-button-wrapper\">\n\t\t\t\t\t<a class=\"elementor-button elementor-button-link elementor-size-sm\" href=\"https:\/\/calendly.com\/sepanouirbyfanny\" id=\"#Messervices\">\n\t\t\t\t\t\t<span class=\"elementor-button-content-wrapper\">\n\t\t\t\t\t\t\t\t\t<span class=\"elementor-button-text\">Voir mes Services<\/span>\n\t\t\t\t\t<\/span>\n\t\t\t\t\t<\/a>\n\t\t\t\t<\/div>\n\t\t\t\t\t\t\t\t<\/div>\n\t\t\t\t<\/div>\n\t\t\t\t\t<\/div>\n\t\t\t\t<\/div>\n\t\t\t\t<\/div>\n\t\t","protected":false},"excerpt":{"rendered":"<p>Qui suis-je ? Apr\u00e8s 20 ans dans le secr\u00e9tariat m\u00e9dical, le besoin de donner un autre sens \u00e0 ma vie [&hellip;]<\/p>\n","protected":false},"author":1,"featured_media":0,"parent":0,"menu_order":0,"comment_status":"closed","ping_status":"closed","template":"","meta":{"site-sidebar-layout":"no-sidebar","site-content-layout":"","ast-site-content-layout":"full-width-container","site-content-style":"default","site-sidebar-style":"default","ast-global-header-display":"","ast-banner-title-visibility":"","ast-main-header-display":"","ast-hfb-above-header-display":"","ast-hfb-below-header-display":"","ast-hfb-mobile-header-display":"","site-post-title":"disabled","ast-breadcrumbs-content":"","ast-featured-img":"disabled","footer-sml-layout":"","ast-disable-related-posts":"","theme-transparent-header-meta":"","adv-header-id-meta":"","stick-header-meta":"","header-above-stick-meta":"","header-main-stick-meta":"","header-below-stick-meta":"","astra-migrate-meta-layouts":"default","ast-page-background-enabled":"default","ast-page-background-meta":{"desktop":{"background-color":"var(--ast-global-color-4)","background-image":"","background-repeat":"repeat","background-position":"center center","background-size":"auto","background-attachment":"scroll","background-type":"","background-media":"","overlay-type":"","overlay-color":"","overlay-opacity":"","overlay-gradient":""},"tablet":{"background-color":"","background-image":"","background-repeat":"repeat","background-position":"center center","background-size":"auto","background-attachment":"scroll","background-type":"","background-media":"","overlay-type":"","overlay-color":"","overlay-opacity":"","overlay-gradient":""},"mobile":{"background-color":"","background-image":"","background-repeat":"repeat","background-position":"center center","background-size":"auto","background-attachment":"scroll","background-type":"","background-media":"","overlay-type":"","overlay-color":"","overlay-opacity":"","overlay-gradient":""}},"ast-content-background-meta":{"desktop":{"background-color":"var(--ast-global-color-5)","background-image":"","background-repeat":"repeat","background-position":"center center","background-size":"auto","background-attachment":"scroll","background-type":"","background-media":"","overlay-type":"","overlay-color":"","overlay-opacity":"","overlay-gradient":""},"tablet":{"background-color":"var(--ast-global-color-5)","background-image":"","background-repeat":"repeat","background-position":"center center","background-size":"auto","background-attachment":"scroll","background-type":"","background-media":"","overlay-type":"","overlay-color":"","overlay-opacity":"","overlay-gradient":""},"mobile":{"background-color":"var(--ast-global-color-5)","background-image":"","background-repeat":"repeat","background-position":"center center","background-size":"auto","background-attachment":"scroll","background-type":"","background-media":"","overlay-type":"","overlay-color":"","overlay-opacity":"","overlay-gradient":""}},"footnotes":""},"class_list":["post-272","page","type-page","status-publish","hentry"],"yoast_head":"<!-- This site is optimized with the Yoast SEO plugin v27.4 - https:\/\/yoast.com\/product\/yoast-seo-wordpress\/ -->\n<title>A PROPOS - FANNY RETHORE<\/title>\n<meta name=\"robots\" content=\"index, follow, max-snippet:-1, max-image-preview:large, max-video-preview:-1\" \/>\n<link rel=\"canonical\" href=\"https:\/\/www.fannyrethore.fr\/?page_id=272\" \/>\n<meta property=\"og:locale\" content=\"fr_FR\" \/>\n<meta property=\"og:type\" content=\"article\" \/>\n<meta property=\"og:title\" content=\"A PROPOS - FANNY RETHORE\" \/>\n<meta property=\"og:description\" content=\"Qui suis-je ? Apr\u00e8s 20 ans dans le secr\u00e9tariat m\u00e9dical, le besoin de donner un autre sens \u00e0 ma vie [&hellip;]\" \/>\n<meta property=\"og:url\" content=\"https:\/\/www.fannyrethore.fr\/?page_id=272\" \/>\n<meta property=\"og:site_name\" content=\"FANNY RETHORE\" \/>\n<meta property=\"article:modified_time\" content=\"2026-03-24T11:16:23+00:00\" \/>\n<meta property=\"og:image\" content=\"https:\/\/www.fannyrethore.fr\/wp-content\/uploads\/2024\/11\/IMG_7275-scaled.jpg\" \/>\n\t<meta property=\"og:image:width\" content=\"2560\" \/>\n\t<meta property=\"og:image:height\" content=\"1707\" \/>\n\t<meta property=\"og:image:type\" content=\"image\/jpeg\" \/>\n<meta name=\"twitter:card\" content=\"summary_large_image\" \/>\n<meta name=\"twitter:label1\" content=\"Dur\u00e9e de lecture estim\u00e9e\" \/>\n\t<meta name=\"twitter:data1\" content=\"3 minutes\" \/>\n<script type=\"application\/ld+json\" class=\"yoast-schema-graph\">{\"@context\":\"https:\\\/\\\/schema.org\",\"@graph\":[{\"@type\":\"WebPage\",\"@id\":\"https:\\\/\\\/www.fannyrethore.fr\\\/?page_id=272\",\"url\":\"https:\\\/\\\/www.fannyrethore.fr\\\/?page_id=272\",\"name\":\"A PROPOS - FANNY RETHORE\",\"isPartOf\":{\"@id\":\"https:\\\/\\\/www.fannyrethore.fr\\\/#website\"},\"primaryImageOfPage\":{\"@id\":\"https:\\\/\\\/www.fannyrethore.fr\\\/?page_id=272#primaryimage\"},\"image\":{\"@id\":\"https:\\\/\\\/www.fannyrethore.fr\\\/?page_id=272#primaryimage\"},\"thumbnailUrl\":\"https:\\\/\\\/www.fannyrethore.fr\\\/wp-content\\\/uploads\\\/2024\\\/11\\\/IMG_7275-1024x683.jpg\",\"datePublished\":\"2024-11-12T15:47:05+00:00\",\"dateModified\":\"2026-03-24T11:16:23+00:00\",\"breadcrumb\":{\"@id\":\"https:\\\/\\\/www.fannyrethore.fr\\\/?page_id=272#breadcrumb\"},\"inLanguage\":\"fr-FR\",\"potentialAction\":[{\"@type\":\"ReadAction\",\"target\":[\"https:\\\/\\\/www.fannyrethore.fr\\\/?page_id=272\"]}]},{\"@type\":\"ImageObject\",\"inLanguage\":\"fr-FR\",\"@id\":\"https:\\\/\\\/www.fannyrethore.fr\\\/?page_id=272#primaryimage\",\"url\":\"https:\\\/\\\/www.fannyrethore.fr\\\/wp-content\\\/uploads\\\/2024\\\/11\\\/IMG_7275-scaled.jpg\",\"contentUrl\":\"https:\\\/\\\/www.fannyrethore.fr\\\/wp-content\\\/uploads\\\/2024\\\/11\\\/IMG_7275-scaled.jpg\",\"width\":2560,\"height\":1707},{\"@type\":\"BreadcrumbList\",\"@id\":\"https:\\\/\\\/www.fannyrethore.fr\\\/?page_id=272#breadcrumb\",\"itemListElement\":[{\"@type\":\"ListItem\",\"position\":1,\"name\":\"Accueil\",\"item\":\"https:\\\/\\\/www.fannyrethore.fr\\\/\"},{\"@type\":\"ListItem\",\"position\":2,\"name\":\"A PROPOS\"}]},{\"@type\":\"WebSite\",\"@id\":\"https:\\\/\\\/www.fannyrethore.fr\\\/#website\",\"url\":\"https:\\\/\\\/www.fannyrethore.fr\\\/\",\"name\":\"FANNY RETHORE\",\"description\":\"NUMEROLOGIE - ENERGETIQUE - COACHING\",\"potentialAction\":[{\"@type\":\"SearchAction\",\"target\":{\"@type\":\"EntryPoint\",\"urlTemplate\":\"https:\\\/\\\/www.fannyrethore.fr\\\/?s={search_term_string}\"},\"query-input\":{\"@type\":\"PropertyValueSpecification\",\"valueRequired\":true,\"valueName\":\"search_term_string\"}}],\"inLanguage\":\"fr-FR\"}]}<\/script>\n<!-- \/ Yoast SEO plugin. -->","yoast_head_json":{"title":"A PROPOS - FANNY RETHORE","robots":{"index":"index","follow":"follow","max-snippet":"max-snippet:-1","max-image-preview":"max-image-preview:large","max-video-preview":"max-video-preview:-1"},"canonical":"https:\/\/www.fannyrethore.fr\/?page_id=272","og_locale":"fr_FR","og_type":"article","og_title":"A PROPOS - FANNY RETHORE","og_description":"Qui suis-je ? Apr\u00e8s 20 ans dans le secr\u00e9tariat m\u00e9dical, le besoin de donner un autre sens \u00e0 ma vie [&hellip;]","og_url":"https:\/\/www.fannyrethore.fr\/?page_id=272","og_site_name":"FANNY RETHORE","article_modified_time":"2026-03-24T11:16:23+00:00","og_image":[{"width":2560,"height":1707,"url":"https:\/\/www.fannyrethore.fr\/wp-content\/uploads\/2024\/11\/IMG_7275-scaled.jpg","type":"image\/jpeg"}],"twitter_card":"summary_large_image","twitter_misc":{"Dur\u00e9e de lecture estim\u00e9e":"3 minutes"},"schema":{"@context":"https:\/\/schema.org","@graph":[{"@type":"WebPage","@id":"https:\/\/www.fannyrethore.fr\/?page_id=272","url":"https:\/\/www.fannyrethore.fr\/?page_id=272","name":"A PROPOS - FANNY RETHORE","isPartOf":{"@id":"https:\/\/www.fannyrethore.fr\/#website"},"primaryImageOfPage":{"@id":"https:\/\/www.fannyrethore.fr\/?page_id=272#primaryimage"},"image":{"@id":"https:\/\/www.fannyrethore.fr\/?page_id=272#primaryimage"},"thumbnailUrl":"https:\/\/www.fannyrethore.fr\/wp-content\/uploads\/2024\/11\/IMG_7275-1024x683.jpg","datePublished":"2024-11-12T15:47:05+00:00","dateModified":"2026-03-24T11:16:23+00:00","breadcrumb":{"@id":"https:\/\/www.fannyrethore.fr\/?page_id=272#breadcrumb"},"inLanguage":"fr-FR","potentialAction":[{"@type":"ReadAction","target":["https:\/\/www.fannyrethore.fr\/?page_id=272"]}]},{"@type":"ImageObject","inLanguage":"fr-FR","@id":"https:\/\/www.fannyrethore.fr\/?page_id=272#primaryimage","url":"https:\/\/www.fannyrethore.fr\/wp-content\/uploads\/2024\/11\/IMG_7275-scaled.jpg","contentUrl":"https:\/\/www.fannyrethore.fr\/wp-content\/uploads\/2024\/11\/IMG_7275-scaled.jpg","width":2560,"height":1707},{"@type":"BreadcrumbList","@id":"https:\/\/www.fannyrethore.fr\/?page_id=272#breadcrumb","itemListElement":[{"@type":"ListItem","position":1,"name":"Accueil","item":"https:\/\/www.fannyrethore.fr\/"},{"@type":"ListItem","position":2,"name":"A PROPOS"}]},{"@type":"WebSite","@id":"https:\/\/www.fannyrethore.fr\/#website","url":"https:\/\/www.fannyrethore.fr\/","name":"FANNY RETHORE","description":"NUMEROLOGIE - ENERGETIQUE - COACHING","potentialAction":[{"@type":"SearchAction","target":{"@type":"EntryPoint","urlTemplate":"https:\/\/www.fannyrethore.fr\/?s={search_term_string}"},"query-input":{"@type":"PropertyValueSpecification","valueRequired":true,"valueName":"search_term_string"}}],"inLanguage":"fr-FR"}]}},"_links":{"self":[{"href":"https:\/\/www.fannyrethore.fr\/index.php?rest_route=\/wp\/v2\/pages\/272","targetHints":{"allow":["GET"]}}],"collection":[{"href":"https:\/\/www.fannyrethore.fr\/index.php?rest_route=\/wp\/v2\/pages"}],"about":[{"href":"https:\/\/www.fannyrethore.fr\/index.php?rest_route=\/wp\/v2\/types\/page"}],"author":[{"embeddable":true,"href":"https:\/\/www.fannyrethore.fr\/index.php?rest_route=\/wp\/v2\/users\/1"}],"replies":[{"embeddable":true,"href":"https:\/\/www.fannyrethore.fr\/index.php?rest_route=%2Fwp%2Fv2%2Fcomments&post=272"}],"version-history":[{"count":118,"href":"https:\/\/www.fannyrethore.fr\/index.php?rest_route=\/wp\/v2\/pages\/272\/revisions"}],"predecessor-version":[{"id":957,"href":"https:\/\/www.fannyrethore.fr\/index.php?rest_route=\/wp\/v2\/pages\/272\/revisions\/957"}],"wp:attachment":[{"href":"https:\/\/www.fannyrethore.fr\/index.php?rest_route=%2Fwp%2Fv2%2Fmedia&parent=272"}],"curies":[{"name":"wp","href":"https:\/\/api.w.org\/{rel}","templated":true}]}}